17
Let p(v) = -2 - 3*v + 7*v - 2. What are the prime factors of p(5)?
2
Let j = -24 - -25. Let w(q) = 20*q - 3. What are the prime factors of w(j)?
17
What are the prime factors of 12/18 - (-74)/6?
13
Suppose 4*p - p - 108 = 0. List the prime factors of p.
2, 3
Suppose 4*o + 2 = 126. List the prime factors of o.
31
Let y(h) = -19*h. Suppose -v - 3*l = 10, 10 + 2 = 3*v - 5*l. List the prime factors of y(v).
19
Suppose -594 = -3*x + 3*d, 0*d - 3*d = 4*x - 771. List the prime factors of x.
3, 5, 13
Suppose -m + 12 = -5*k - 17, -m - 25 = 4*k. Let u = 8 + k. Suppose 3*s - 16 = u*s. List the prime factors of s.
2
Suppose 4 = -c + 3*c. Let l(t) be the third derivative of 5*t**4/24 + t**3/3 + 13*t**2. What are the prime factors of l(c)?
2, 3
What are the prime factors of 1*-3 + (98 - (-6 + 5))?
2, 3
List the prime factors of 213/((-1)/2 + 6/4).
3, 71
Suppose 7*n - 12*n = -800. List the prime factors of n.
2, 5
What are the prime factors of 31/2 - (3/6 - -1)?
2, 7
Let z(u) be the third derivative of u**4/24 - 10*u**3/3 + 2*u**2. Let v be z(0). What are the prime factors of (1 + -2)/(4/v)?
5
Let u be (2/(-5))/((-5)/(-50)). Let l be (u - -6) + 1*-2. Suppose l = 2*r, 0 = -2*o + 3*r - 4*r + 20. List the prime factors of o.
2, 5
Let h(o) = -29*o + 3. Let g be h(-3). List the prime factors of 1/(1 + g/(-93)).
31
Suppose 7 - 2 = x. Let j = x - 1. List the prime factors of 3/j + (-135)/(-12).
2, 3
Suppose -3*f - 2*f - 25 = 0. Let k = f + 9. Suppose 3*l - 2*x - 20 = 21, -54 = -k*l + 3*x. List the prime factors of l.
3, 5
Let a(i) = 2*i**2 - 3*i + 7. Let r(j) = 4*j**2 - 7*j + 15. Let z(v) = -13*a(v) + 6*r(v). Let q be z(-2). What are the prime factors of (-9)/q*(-8)/(-6)?
2
Suppose -94 = -2*r - 12. What are the prime factors of r?
41
Let d = -8 + 4. Let h be d/(-18) + (-572)/(-18). Suppose 3*s - 2*i - 2*i - h = 0, -5*s + 5 = 3*i. What are the prime factors of s?
2
Let m(q) = q**3 + q + 2. Let t be m(2). Let l = t + 7. What are the prime factors of l?
19
Suppose 4*i - 1 = -33. Let f(k) = -7*k - 5. Let s(h) = 8*h + 5. Let u(z) = 7*f(z) + 6*s(z). List the prime factors of u(i).
3
Let o = 72 - -336. List the prime factors of o.
2, 3, 17
Suppose 5*c = 2*c + 126. List the prime factors of c.
2, 3, 7
Let l(u) = u + 7. Let p be l(-5). What are the prime factors of p/11 - (-324)/33?
2, 5
Let l(v) = 4*v - 15. What are the prime factors of l(8)?
17
Let i(c) = 3*c - 2. Suppose -r + 4*r = 0. Let v = 2 - r. List the prime factors of i(v).
2
Suppose v - 59 = -57. Suppose 2*g + 12 = 5*g. Suppose 3*k = v*w + 29, g = -w - 0*w. List the prime factors of k.
7
Let b(z) = 23*z - 5. What are the prime factors of b(1)?
2, 3
Suppose -5*n = -2*n - 387. Suppose 5*y - n = -14. What are the prime factors of y?
23
Let s(l) = 7*l**2 + 2*l + 24. What are the prime factors of s(-6)?
2, 3, 11
Suppose -12 - 1 = -3*l + w, 8 = 3*l - 2*w. What are the prime factors of l?
2, 3
Let l be 1 + 1 + (0 - 2). Suppose -2*g + 0*g - r = -51, l = -4*g + 5*r + 67. List the prime factors of g.
23
Suppose 5*y = d - 170, 5*d - y - 823 = -3*y. List the prime factors of d.
3, 5, 11
Let f be 13/5 + 4/10. Let t(a) = -a - 4. Let v be t(-4). Let m = f - v. List the prime factors of m.
3
Let w = 7 - 3. Suppose -11 = -3*t + w. Suppose -3*x = -t*v + 98, -3*x = 4*v - 52 - 21. What are the prime factors of v?
19
Suppose 4*f + 72 = 420. List the prime factors of f.
3, 29
What are the prime factors of 21 + 1 + 1 - -2?
5
Let s(l) = -6*l**3 + 3*l**2 - 2*l - 1. List the prime factors of s(-3).
2, 97
Suppose 0 = 2*z - 42 - 22. Suppose 4*v = -0*i + i - z, 5*i + 3*v = 45. List the prime factors of i.
2, 3
Let o(r) = 2*r**2 - 2. What are the prime factors of o(-3)?
2
Let h(s) = 2*s**2 - 2*s - 3. What are the prime factors of h(7)?
3
Suppose 4*p - 4*u = -6*u + 32, -2*u - 8 = -p. Let i be (10/4)/(2/4). Let q = p - i. List the prime factors of q.
3
Let z = -3 - -2. What are the prime factors of 15/((-4 + 3)/z)?
3, 5
Let p = -29 + 18. Let k = p - -24. What are the prime factors of k?
13
Let f(z) = z**2 + 1. Let m be f(2). Let y = 20 - m. Suppose -a = 5*d + a - y, 0 = -d - 4*a + 3. List the prime factors of d.
3
Let p be 3/(-6) + (-66)/(-12). Suppose -3*r = u - 98, -p*r - 4*u = -0*u - 154. List the prime factors of r.
2, 17
Let s = 4 + -10. Let k(x) be the third derivative of -x**5/60 - 3*x**4/8 - 3*x**3/2 + 7*x**2. List the prime factors of k(s).
3
Suppose -157 = -6*g + 5*g. List the prime factors of g.
157
Let d(u) = -2*u**3 - 3*u**2. Suppose -4 = 4*p - 2*p. List the prime factors of d(p).
2
Let g(s) = -s**3 + 26*s**2 + 39*s - 7. What are the prime factors of g(27)?
317
Suppose -7*z = -2*z - 475. List the prime factors of z.
5, 19
Let b = -310 - -460. What are the prime factors of b?
2, 3, 5
Let a = 114 - 72. List the prime factors of a.
2, 3, 7
Let a = 164 + -37. What are the prime factors of a?
127
Let x(p) = -9*p - 6. Let c(g) = 1. Let u(m) = 5*c(m) + x(m). Let d be u(-1). List the prime factors of 166/10 + d/20.
17
Let w(m) = -19*m - 6. What are the prime factors of w(-3)?
3, 17
Let z(r) = -r**3 - 4*r**2 - r + 1. Let n be z(-4). Let j = 4 + n. Let o = j - 7. List the prime factors of o.
2
Let k(p) be the first derivative of p**4/4 + 5*p**3/3 - 5*p**2/2 - 6*p - 3. Let s be k(-6). Let i = -5 - s. List the prime factors of i.
7
Let j = -1 + 4. Let d be 3 + (j + -2)*-1. What are the prime factors of (0 + d - 5)*-5?
3, 5
Let h be -6*(-2)/(-2 + 6). Let j be -3 + 14/(-1 + h). What are the prime factors of -1*(-3 + j)*-3?
3
Suppose 13*i - 9*i - 104 = 0. What are the prime factors of i?
2, 13
Suppose -49*x - 111 = -50*x. What are the prime factors of x?
3, 37
Let f be 1*(3 - (2 - -36)). Let w = -21 - f. List the prime factors of w.
2, 7
Let o(p) = -p - 6. Let i be ((-6)/(-3))/(2/(-6)). Let b be o(i). Let d = 3 + b. What are the prime factors of d?
3
Suppose -56 = -11*u + 13*u. Let n = -13 - u. List the prime factors of n.
3, 5
Let x(z) be the first derivative of -3*z**2/2 + z - 1. What are the prime factors of x(-3)?
2, 5
Suppose u - 4*s - 5 = 3, 1 = -u - 5*s. Suppose -u*t - 88 = 48. What are the prime factors of -1*(-2)/(-4)*t?
17
Suppose 0 = 4*x + 18 + 6. Let y = x + 10. What are the prime factors of 2/(y/(-10))*-1?
5
Let j(s) = 22*s**2 + s + 1. Suppose i = 5*u + 24, 2*u + 11 - 1 = 0. What are the prime factors of j(i)?
2, 11
Suppose -5*g + 5*k + 132 = -2*g, k - 101 = -2*g. Suppose 5*r = -14 + g. List the prime factors of r.
7
Let j be 2/(-4)*(1 - 3). List the prime factors of (j - (2 - 1)) + 15.
3, 5
Let f be (-8)/(-44) - 40/(-22). Suppose 5*p - f*p = 5*k - 98, -5*k + 4*p + 99 = 0. What are the prime factors of k?
19
Suppose 0 = -s - s + 6. Let y(u) = -3*u + s + 0 - 2. List the prime factors of y(-2).
7
Let m(z) be the second derivative of 3*z + 1/12*z**4 + 0 + 3/2*z**3 + 9/2*z**2. What are the prime factors of m(-10)?
19
Let c = 120 - 74. Let s = c + -33. List the prime factors of s.
13
Suppose 5*s + 610 = 5*m, -5*m + 2*s = -2*m - 368. What are the prime factors of m?
2, 31
Suppose 0 = 5*x + g - 764, -312 = -2*x - 0*x - 2*g. List the prime factors of x.
2, 19
Suppose -3*n = 3*t - 8*n - 116, -t + 2*n = -38. What are the prime factors of t?
2, 3, 7
Suppose 0*h - 2*h - 5*g + 33 = 0, 0 = 3*h - 3*g + 3. Suppose -p + 50 = h*p. What are the prime factors of p?
2, 5
Let g be 6/(-9) + 16/6. Let x = 5 + 0. Let n = x + g. List the prime factors of n.
7
Let d = 47 + 45. List the prime factors of d.
2, 23
Suppose 5*v + 25 = -15. Suppose -3*h = i + 53, 2*h - 214 = 6*i - i. What are the prime factors of (-119)/(-11) + v/i?
11
Let a(i) = i**2 + 6*i + 19. What are the prime factors of a(-4)?
11
Suppose 2*p = -2*r + 6, 2*p = 5*r + 2 - 3. Suppose -2*v + 7*v - o - 23 = 0, 20 = p*v - 4*o. Let g(h) = 3*h - 2. What are the prime factors of g(v)?
2, 5
Let j(q) be the second derivative of q**5/20 - 5*q**4/12 - 2*q**3/3 - 7*q**2/2 + q. Suppose 2*d - d = 6. List the prime factors of j(d).
5
Suppose -2*g - 3*g = 60. Let x = -8 - g. List the prime factors of x.
2
Suppose -2*p - 4 + 14 = -5*f, -3*f - 20 = -4*p. Suppose -3 - p = -2*t. What are the prime factors of (t - -1)*(0 + 1)?
5
Let v = 0 + 2. Suppose h = v*h - 2. List the prime factors of h.
2
Let a(t) = 2*t - 5. Let v(k) = -k**2 - 6*k + 6. Let r be v(-7). Let g be r/(-1 + 5/6). List the prime factors of a(g